he remainder when b is divided by 32.
30
Suppose -2*r + 5 + 7 = 0. Let x = -3 + 3. Suppose v - 2*j - 16 = 0, -v - 3*j = -x*j - 1. What is the remainder when v is divided by r?
4
What is the remainder when (122/(-6) + -1)*81/(-36) is divided by 27?
21
Calculate the remainder when 27 is divided by 8 - (-2 - 1) - -3.
13
Suppose -5*k + 155 = 3*q, 36 = 5*q + 11. Let f = -18 + k. What is the remainder when 29 is divided by f?
9
Let r = -100 - -199. What is the remainder when r is divided by 34?
31
Suppose 0 = -t + 9 + 13. What is the remainder when 41 is divided by t?
19
Suppose -928 = -4*q - 0*q. Calculate the remainder when q is divided by 39.
37
Let l be (-1288)/(-20) + (-4)/10. Let m = -101 + l. Let y = -19 - m. Calculate the remainder when y is divided by 10.
8
Suppose 3*t + d - 39 = 5*d, -2*t + d = -31. Calculate the remainder when t is divided by 6.
5
Suppose 3*h - u = 3*u + 72, 4*u = 2*h - 48. What is the remainder when 93 is divided by h?
21
Suppose i - 2*i + 15 = 0. What is the remainder when 58 is divided by i?
13
Let b = 238 + -231. What is the remainder when (19/(-3))/(2/(-6)) is divided by b?
5
Suppose 101 = 5*i + 2*o, 4*i + o = 8*i - 73. Calculate the remainder when 56 is divided by i.
18
Let j be (-3)/(-1) - (-2 + 1). Suppose -j*c + 7*c = 4*l - 9, c = 5*l - 14. What is the remainder when 6 is divided by l?
0
Suppose -4*w + 18 + 10 = 0. What is the remainder when 25 is divided by w?
4
Let j(y) be the first derivative of y**4/4 - 2*y**3 - 4*y**2 + 8*y + 2. Let q be j(7). Let p = 1 + q. Calculate the remainder when 5 is divided by p.
1
Let u(x) = 11*x + 14. Let f(q) = 4*q + 5. Let d(j) = 17*f(j) - 6*u(j). What is the remainder when d(13) is divided by 10?
7
Suppose 0 = -5*m - 3*m + 96. Let z(f) = -f**2 + 4*f + 3. Let a be z(5). What is the remainder when 104/3 + a/3 is divided by m?
10
Let g = -24 - -41. Let v = -10 + g. What is the remainder when v is divided by 3?
1
Let y be 261/15 - (-4)/(-10). Suppose 4*t = 3 + y. Suppose -2*o = m - 67, 87 = t*o - 5*m - 58. Calculate the remainder when o is divided by 11.
10
Let m be (-216)/12 + (1 - 3). What is the remainder when (-158)/(-10) - 4/m is divided by 9?
7
Suppose f + 2*f = -75. Let l = f + 39. What is the remainder when 25 is divided by l?
11
Suppose 5*k + 10 = 5*p, -5*p - 4 - 2 = 3*k. What is the remainder when -1 - k - (-7 + -31) is divided by 14?
11
Let a = 145 + -70. Suppose -6*y + 9 + a = 0. Calculate the remainder when 54 is divided by y.
12
Suppose -2*h + 5*h = -33. Let f = 47 + -17. Let s = h + f. What is the remainder when s is divided by 10?
9
Suppose 0 = -3*h - 9, -4*o + 2 = 5*h + 5. Suppose -5*k + 20 = -5. Suppose g + k = o*b + 5*g, -3*b + 13 = 2*g. Calculate the remainder when 20 is divided by b.
6
Let b(f) = -5*f + 2. Suppose 6*r - 5*d - 126 = 3*r, 2*r - 2*d - 88 = 0. Calculate the remainder when r is divided by b(-2).
11
Suppose -3*j + j = -66. Let z(p) = -p**3 + 7*p**2 + p - 5. Let b be z(7). Suppose -22 = -b*d + 2. What is the remainder when j is divided by d?
9
Suppose 2*g = 6, -2*i - 4*g = -10 - 12. What is the remainder when 20/(-50) - (-427)/i is divided by 22?
19
Let s(t) = -t**3 - t**2 + 1. Let f(k) = k**3 + 11*k**2 - 10*k. Let q(v) = -f(v) - 2*s(v). What is the remainder when 55 is divided by q(8)?
13
Let a(s) = -s + 11. Suppose 0*y = y. Let w be 2 - (2 - y)/1. What is the remainder when 31 is divided by a(w)?
9
Suppose 5*s + 266 = 2*y, 0 = 2*s + 4. What is the remainder when y is divided by 33?
29
Let r(n) = n**3 - 13*n**2 + 3*n - 18. Calculate the remainder when 39 is divided by r(13).
18
Let z = 1 + -7. Let d = z + 23. What is the remainder when (1*-7)/((-1)/7) is divided by d?
15
Let u be ((-174)/(-8))/3*-4. Let y = u - -42. What is the remainder when y is divided by 5?
3
Suppose 2*s = -0*s + 16. Let a(j) = 3*j**2 - 4. Suppose 5 + 4 = -3*q. What is the remainder when a(q) is divided by s?
7
Let s(o) = 4 + 4*o**2 + 1 + 3 - 3*o**2 + o. Calculate the remainder when 15 is divided by s(0).
7
Let l(g) = 9*g + 5. What is the remainder when l(10) is divided by 24?
23
Let l = 81 + -12. Calculate the remainder when l is divided by 18.
15
Suppose 152 = m + 3*m. Calculate the remainder when m is divided by 20.
18
Suppose -5*p + 38 = 4*x, 4 = 2*x - 3*p - 4. What is the remainder when (-18)/(-12) - (-19)/2 is divided by x?
4
Suppose 0 = 3*v + 6, 3*r - 7*v + 2*v - 199 = 0. Calculate the remainder when 251 is divided by r.
62
Suppose -12*m = -0*m - 60. Calculate the remainder when 17 is divided by m.
2
Suppose 2*r = 5 + 31. Let x be r/8 + 2/(-8). Suppose 45 = 3*v - x*z, 5*v - z - 78 = 4. Calculate the remainder when 33 is divided by v.
16
Let h = 8 + -8. Let p(i) = -2*i + 34. Calculate the remainder when p(h) is divided by 9.
7
Suppose -20 = 3*i - 53. Suppose -8 = -4*q + 5*v, 3*q - 5*v - 3 - 3 = 0. Calculate the remainder when i is divided by -2*q*(-2)/2.
3
Let m = -75 - -128. Let a(y) = y**2 + 14. What is the remainder when m is divided by a(0)?
11
Let d = -37 - -1. Let k = -22 - d. Calculate the remainder when 40 is divided by k.
12
Suppose -2*l = 3 - 11. Suppose -l*v + 67 = -61. Calculate the remainder when v is divided by 11.
10
What is the remainder when (-2)/3 + 112/6 is divided by 10/30 + 42/9?
3
Let u(q) = q**2 - 2*q - 1. Suppose 24 = 4*t - 28. Calculate the remainder when t is divided by u(4).
6
Suppose 3*k - 21 = -3*w, 0 = -4*k - w + 28 - 6. Calculate the remainder when 17 is divided by k.
2
Let a be 4 - (-2 - (-10 + 4)). Suppose 32 = 2*m - a*m. Let d = -67 + 98. Calculate the remainder when d is divided by m.
15
Suppose -4*v = -s - 94, -5*v - 2*s + 36 = -75. Calculate the remainder when 67 is divided by v.
21
Let m(x) = -x + 3. Let f be m(12). Let o = -4 - f. What is the remainder when o is divided by 3?
2
Suppose -9 = -2*z + 9. Suppose 5*j = 41 + z. Calculate the remainder when j is divided by 3.
1
Let m(n) = n**3 + 21*n**2 + 19*n + 7. Calculate the remainder when m(-20) is divided by 10.
7
Suppose 2*i + 2*i = 272. Let a = 102 - i. Let m = a - -31. Calculate the remainder when m is divided by 17.
14
Let t = -11 - -30. Let y = 64 - 28. What is the remainder when y is divided by t?
17
Let z(a) = 2*a**2 + 7*a - a**3 - 4*a**2 - 3*a. What is the remainder when 10 + -9 + 1 + 45 is divided by z(-4)?
15
Let i be (6 + -2)*(-1 + 11). Suppose 140 = -0*u + 5*u + 5*g, u + 5*g = i. Let j(t) = -12*t**3 + t**2 + t + 1. What is the remainder when u is divided by j(-1)?
12
Let h = 10 - 7. Suppose -60 = -h*l - 0*l. Calculate the remainder when 59 is divided by l.
19
Calculate the remainder when 5 is divided by (-2 + -1)*(-4)/3.
1
Let w = 97 - 89. Calculate the remainder when 21 is divided by w.
5
Suppose 3*c - 4 = c. Let d be (c + 1)*(-2 - -3). Suppose -b + 2*b = 3*m + 7, -4*b + d*m = -46. Calculate the remainder when 37 is divided by b.
11
Let s = 2 + 3. Let f = 2 - -1. Calculate the remainder when s is divided by f.
2
Suppose -2*r - 6 = -t - 27, 5*r + 5*t = 90. Calculate the remainder when 37 is divided by r.
11
Suppose 2*m = 3*s - 6 - 6, 2*m + 10 = 2*s. Suppose s*q + 70 = 5*v, -3*q - 11 - 31 = -3*v. Let y = -4 + 12. Calculate the remainder when v is divided by y.
6
Let f(r) = -r**3 + 8*r**2 - 4*r + 10. Calculate the remainder when f(5) is divided by 17.
14
Let i = 20 + -15. Suppose 2*l - 3*l - 55 = -i*p, 0 = -p + 3*l + 11. Suppose -g = -4*n - 40, 2*n + 2 - 30 = -g. Calculate the remainder when g is divided by p.
10
Suppose -32 = 2*w - 6*w + 4*r, 0 = -4*w - 3*r + 4. Let z = w - -43. What is the remainder when z is divided by 12?
11
Suppose 4*b = 84 + 232. Calculate the remainder when b is divided by 20.
19
Let o(p) = -p - 2. Let r be o(-6). Suppose 0 = -2*l - r, -4*q - 3*l = -2*l - 26. Calculate the remainder when q is divided by 5.
2
Let c be (3*4)/4 + 0. What is the remainder when ((-39)/15 + c)*5 is divided by (1 - -2)*1 - 2?
0
Suppose 2*z + 3*s - 31 - 14 = 0, 3*s = 15. Calculate the remainder when 59 is divided by z.
14
Let y = -48 - -26. Let g = y + 40. What is the remainder when 33 is divided by g?
15
Let r be 4/(-5)*(-20)/8. Let l be r + -3 + (-1 - 20). Let g = -16 - l. What is the remainder when 16 is divided by g?
4
Let n(m) = -3*m**2 + 2*m + 2. Let h be n(-3). Let a = h - -65. What is the remainder when a is divided by 12/(-7)*(-18 - -11)?
10
Suppose -43 = -5*p - t